{"id":58,"date":"2019-01-29T12:40:08","date_gmt":"2019-01-29T12:40:08","guid":{"rendered":"https:\/\/listeo.staging.wpengine.com\/?page_id=928"},"modified":"2019-01-29T12:40:08","modified_gmt":"2019-01-29T12:40:08","slug":"wallet","status":"publish","type":"page","link":"https:\/\/civizio.fr\/?page_id=58","title":{"rendered":"Wallet"},"content":{"rendered":"Vous devez \u00eatre connect\u00e9 pour acc\u00e9der \u00e0 votre portefeuille.\n","protected":false},"excerpt":{"rendered":"","protected":false},"author":1,"featured_media":0,"parent":0,"menu_order":0,"comment_status":"closed","ping_status":"closed","template":"template-dashboard.php","meta":{"footnotes":""},"class_list":["post-58","page","type-page","status-publish","hentry"],"_links":{"self":[{"href":"https:\/\/civizio.fr\/index.php?rest_route=\/wp\/v2\/pages\/58","targetHints":{"allow":["GET"]}}],"collection":[{"href":"https:\/\/civizio.fr\/index.php?rest_route=\/wp\/v2\/pages"}],"about":[{"href":"https:\/\/civizio.fr\/index.php?rest_route=\/wp\/v2\/types\/page"}],"author":[{"embeddable":true,"href":"https:\/\/civizio.fr\/index.php?rest_route=\/wp\/v2\/users\/1"}],"replies":[{"embeddable":true,"href":"https:\/\/civizio.fr\/index.php?rest_route=%2Fwp%2Fv2%2Fcomments&post=58"}],"version-history":[{"count":0,"href":"https:\/\/civizio.fr\/index.php?rest_route=\/wp\/v2\/pages\/58\/revisions"}],"wp:attachment":[{"href":"https:\/\/civizio.fr\/index.php?rest_route=%2Fwp%2Fv2%2Fmedia&parent=58"}],"curies":[{"name":"wp","href":"https:\/\/api.w.org\/{rel}","templated":true}]}}